{"id":110,"date":"2022-01-14T17:23:11","date_gmt":"2022-01-14T16:23:11","guid":{"rendered":"http:\/\/ehjapdp.cluster031.hosting.ovh.net\/?page_id=110"},"modified":"2022-01-15T14:42:06","modified_gmt":"2022-01-15T13:42:06","slug":"nos-salles","status":"publish","type":"page","link":"https:\/\/aubergedulac85.fr\/index.php\/nos-salles\/","title":{"rendered":"Nos salles"},"content":{"rendered":"\n<div class=\"wp-block-media-text alignwide is-stacked-on-mobile has-background\" style=\"background:linear-gradient(90deg,rgb(88,41,0) 0%,rgb(214,214,214) 100%);grid-template-columns:49% auto\"><figure class=\"wp-block-media-text__media\"><img loading=\"lazy\" decoding=\"async\" width=\"1024\" height=\"576\" src=\"http:\/\/ehjapdp.cluster031.hosting.ovh.net\/wp-content\/uploads\/2022\/01\/20170616_105123-1024x576.jpg\" alt=\"\" class=\"wp-image-67 size-full\" srcset=\"https:\/\/aubergedulac85.fr\/wp-content\/uploads\/2022\/01\/20170616_105123-1024x576.jpg 1024w, https:\/\/aubergedulac85.fr\/wp-content\/uploads\/2022\/01\/20170616_105123-300x169.jpg 300w, https:\/\/aubergedulac85.fr\/wp-content\/uploads\/2022\/01\/20170616_105123-768x432.jpg 768w, https:\/\/aubergedulac85.fr\/wp-content\/uploads\/2022\/01\/20170616_105123-1536x864.jpg 1536w, https:\/\/aubergedulac85.fr\/wp-content\/uploads\/2022\/01\/20170616_105123-2048x1152.jpg 2048w\" sizes=\"auto, (max-width: 767px) 89vw, (max-width: 1000px) 54vw, (max-width: 1071px) 543px, 580px\" \/><\/figure><div class=\"wp-block-media-text__content\">\n<p>Une terrasse pour les beaux jours<\/p>\n<\/div><\/div>\n\n\n\n<div class=\"wp-block-media-text alignwide has-media-on-the-right is-stacked-on-mobile has-background\" style=\"background:linear-gradient(135deg,rgb(108,108,108) 0%,rgb(255,255,255) 100%);grid-template-columns:auto 55%\"><figure class=\"wp-block-media-text__media\"><img loading=\"lazy\" decoding=\"async\" width=\"1024\" height=\"576\" src=\"http:\/\/ehjapdp.cluster031.hosting.ovh.net\/wp-content\/uploads\/2022\/01\/la-salle-du-restaurant-1024x576.jpg\" alt=\"\" class=\"wp-image-166 size-full\" srcset=\"https:\/\/aubergedulac85.fr\/wp-content\/uploads\/2022\/01\/la-salle-du-restaurant-1024x576.jpg 1024w, https:\/\/aubergedulac85.fr\/wp-content\/uploads\/2022\/01\/la-salle-du-restaurant-300x169.jpg 300w, https:\/\/aubergedulac85.fr\/wp-content\/uploads\/2022\/01\/la-salle-du-restaurant-768x432.jpg 768w, https:\/\/aubergedulac85.fr\/wp-content\/uploads\/2022\/01\/la-salle-du-restaurant-1536x864.jpg 1536w, https:\/\/aubergedulac85.fr\/wp-content\/uploads\/2022\/01\/la-salle-du-restaurant-2048x1152.jpg 2048w\" sizes=\"auto, (max-width: 767px) 89vw, (max-width: 1000px) 54vw, (max-width: 1071px) 543px, 580px\" \/><\/figure><div class=\"wp-block-media-text__content\">\n<p>Une salle de restaurant toute vitr\u00e9e sur le lac, un bel endroit reposant et tranquille. <\/p>\n<\/div><\/div>\n\n\n\n<div class=\"wp-block-media-text alignwide is-stacked-on-mobile has-background\" style=\"background:linear-gradient(135deg,rgb(88,41,0) 0%,rgb(222,222,222) 100%);grid-template-columns:42% auto\"><figure class=\"wp-block-media-text__media\"><img loading=\"lazy\" decoding=\"async\" width=\"1024\" height=\"768\" src=\"http:\/\/ehjapdp.cluster031.hosting.ovh.net\/wp-content\/uploads\/2022\/01\/DSCN2793-1024x768.jpg\" alt=\"\" class=\"wp-image-157 size-full\" srcset=\"https:\/\/aubergedulac85.fr\/wp-content\/uploads\/2022\/01\/DSCN2793-1024x768.jpg 1024w, https:\/\/aubergedulac85.fr\/wp-content\/uploads\/2022\/01\/DSCN2793-300x225.jpg 300w, https:\/\/aubergedulac85.fr\/wp-content\/uploads\/2022\/01\/DSCN2793-768x576.jpg 768w, https:\/\/aubergedulac85.fr\/wp-content\/uploads\/2022\/01\/DSCN2793-1536x1152.jpg 1536w, https:\/\/aubergedulac85.fr\/wp-content\/uploads\/2022\/01\/DSCN2793-2048x1536.jpg 2048w\" sizes=\"auto, (max-width: 767px) 89vw, (max-width: 1000px) 54vw, (max-width: 1071px) 543px, 580px\" \/><\/figure><div class=\"wp-block-media-text__content\">\n<p>Une salle privative panoramique, de 15 \u00e0 80 personnes pour vos s\u00e9minaires, repas de famille, et toute autre occasion.<\/p>\n<\/div><\/div>\n\n\n\n<hr>\n\n\n\n<div class=\"wp-block-buttons is-content-justification-center is-layout-flex wp-block-buttons-is-layout-flex\">\n<div class=\"wp-block-button\"><a class=\"wp-block-button__link\" href=\"\/index.php\/carte\/\">                                                     La carte                                                       <\/a><\/div>\n<\/div>\n","protected":false},"excerpt":{"rendered":"<p>Une terrasse pour les beaux jours Une salle de restaurant toute vitr\u00e9e sur le lac, un bel endroit reposant et tranquille. Une salle privative panoramique, de 15 \u00e0 80 personnes pour vos s\u00e9minaires, repas de famille, et toute autre occasion.<\/p>\n","protected":false},"author":1,"featured_media":0,"parent":0,"menu_order":0,"comment_status":"closed","ping_status":"closed","template":"","meta":{"footnotes":""},"class_list":["post-110","page","type-page","status-publish","hentry"],"_links":{"self":[{"href":"https:\/\/aubergedulac85.fr\/index.php\/wp-json\/wp\/v2\/pages\/110","targetHints":{"allow":["GET"]}}],"collection":[{"href":"https:\/\/aubergedulac85.fr\/index.php\/wp-json\/wp\/v2\/pages"}],"about":[{"href":"https:\/\/aubergedulac85.fr\/index.php\/wp-json\/wp\/v2\/types\/page"}],"author":[{"embeddable":true,"href":"https:\/\/aubergedulac85.fr\/index.php\/wp-json\/wp\/v2\/users\/1"}],"replies":[{"embeddable":true,"href":"https:\/\/aubergedulac85.fr\/index.php\/wp-json\/wp\/v2\/comments?post=110"}],"version-history":[{"count":18,"href":"https:\/\/aubergedulac85.fr\/index.php\/wp-json\/wp\/v2\/pages\/110\/revisions"}],"predecessor-version":[{"id":185,"href":"https:\/\/aubergedulac85.fr\/index.php\/wp-json\/wp\/v2\/pages\/110\/revisions\/185"}],"wp:attachment":[{"href":"https:\/\/aubergedulac85.fr\/index.php\/wp-json\/wp\/v2\/media?parent=110"}],"curies":[{"name":"wp","href":"https:\/\/api.w.org\/{rel}","templated":true}]}}

<div class="wp-block-media-text alignwide is-stacked-on-mobile has-background" style="background:linear-gradient(90deg,rgb(88,41,0) 0%,rgb(214,214,214) 100%);grid-template-columns:49% auto"><figure class="wp-block-media-text__media"><img loading="lazy" decoding="async" width="1024" height="576" src="http://ehjapdp.cluster031.hosting.ovh.net/wp-content/uploads/2022/01/20170616_105123-1024x576.jpg" alt="" class="wp-image-67 size-full" srcset="https://aubergedulac85.fr/wp-content/uploads/2022/01/20170616_105123-1024x576.jpg 1024w, https://aubergedulac85.fr/wp-content/uploads/2022/01/20170616_105123-300x169.jpg 300w, https://aubergedulac85.fr/wp-content/uploads/2022/01/20170616_105123-768x432.jpg 768w, https://aubergedulac85.fr/wp-content/uploads/2022/01/20170616_105123-1536x864.jpg 1536w, https://aubergedulac85.fr/wp-content/uploads/2022/01/20170616_105123-2048x1152.jpg 2048w" sizes="auto, (max-width: 767px) 89vw, (max-width: 1000px) 54vw, (max-width: 1071px) 543px, 580px" /></figure><div class="wp-block-media-text__content">
<p>Une terrasse pour les beaux jours</p>
</div></div>



<div class="wp-block-media-text alignwide has-media-on-the-right is-stacked-on-mobile has-background" style="background:linear-gradient(135deg,rgb(108,108,108) 0%,rgb(255,255,255) 100%);grid-template-columns:auto 55%"><figure class="wp-block-media-text__media"><img loading="lazy" decoding="async" width="1024" height="576" src="http://ehjapdp.cluster031.hosting.ovh.net/wp-content/uploads/2022/01/la-salle-du-restaurant-1024x576.jpg" alt="" class="wp-image-166 size-full" srcset="https://aubergedulac85.fr/wp-content/uploads/2022/01/la-salle-du-restaurant-1024x576.jpg 1024w, https://aubergedulac85.fr/wp-content/uploads/2022/01/la-salle-du-restaurant-300x169.jpg 300w, https://aubergedulac85.fr/wp-content/uploads/2022/01/la-salle-du-restaurant-768x432.jpg 768w, https://aubergedulac85.fr/wp-content/uploads/2022/01/la-salle-du-restaurant-1536x864.jpg 1536w, https://aubergedulac85.fr/wp-content/uploads/2022/01/la-salle-du-restaurant-2048x1152.jpg 2048w" sizes="auto, (max-width: 767px) 89vw, (max-width: 1000px) 54vw, (max-width: 1071px) 543px, 580px" /></figure><div class="wp-block-media-text__content">
<p>Une salle de restaurant toute vitrée sur le lac, un bel endroit reposant et tranquille. </p>
</div></div>



<div class="wp-block-media-text alignwide is-stacked-on-mobile has-background" style="background:linear-gradient(135deg,rgb(88,41,0) 0%,rgb(222,222,222) 100%);grid-template-columns:42% auto"><figure class="wp-block-media-text__media"><img loading="lazy" decoding="async" width="1024" height="768" src="http://ehjapdp.cluster031.hosting.ovh.net/wp-content/uploads/2022/01/DSCN2793-1024x768.jpg" alt="" class="wp-image-157 size-full" srcset="https://aubergedulac85.fr/wp-content/uploads/2022/01/DSCN2793-1024x768.jpg 1024w, https://aubergedulac85.fr/wp-content/uploads/2022/01/DSCN2793-300x225.jpg 300w, https://aubergedulac85.fr/wp-content/uploads/2022/01/DSCN2793-768x576.jpg 768w, https://aubergedulac85.fr/wp-content/uploads/2022/01/DSCN2793-1536x1152.jpg 1536w, https://aubergedulac85.fr/wp-content/uploads/2022/01/DSCN2793-2048x1536.jpg 2048w" sizes="auto, (max-width: 767px) 89vw, (max-width: 1000px) 54vw, (max-width: 1071px) 543px, 580px" /></figure><div class="wp-block-media-text__content">
<p>Une salle privative panoramique, de 15 à 80 personnes pour vos séminaires, repas de famille, et toute autre occasion.</p>
</div></div>



<hr>



<div class="wp-block-buttons is-content-justification-center is-layout-flex wp-block-buttons-is-layout-flex">
<div class="wp-block-button"><a class="wp-block-button__link" href="/index.php/carte/">                                                     La carte                                                       </a></div>
</div>

<p>Une terrasse pour les beaux jours Une salle de restaurant toute vitrée sur le lac, un bel endroit reposant et tranquille. Une salle privative panoramique, de 15 à 80 personnes pour vos séminaires, repas de famille, et toute autre occasion.</p>
